{"id":20,"date":"2015-07-21T16:14:14","date_gmt":"2015-07-21T14:14:14","guid":{"rendered":"http:\/\/www.dumsluzebcb.cz\/?page_id=20"},"modified":"2025-03-18T18:36:44","modified_gmt":"2025-03-18T17:36:44","slug":"kontakt","status":"publish","type":"page","link":"https:\/\/www.dumsluzebcb.cz\/?page_id=20","title":{"rendered":"Kontakt"},"content":{"rendered":"<p><strong>Kontaktn\u00ed \u00fadaje:<\/strong><\/p>\n<p><strong>Adresa:<\/strong> Senov\u00e1\u017en\u00e9 n\u00e1m\u011bst\u00ed 232\/9, 370 01, \u010cesk\u00e9 Bud\u011bjovice (<a href=\"http:\/\/mapy.cz\/zakladni?vlastni-body&amp;x=14.4794387&amp;y=48.9736892&amp;z=20&amp;l=0&amp;base=ophoto&amp;ut=Nov%C3%BD%20bod&amp;uc=9hIt7xSe75&amp;ud=Senov%C3%A1%C5%BEn%C3%A9%20n%C3%A1m.%20232%2F9%2C%20%C4%8Cesk%C3%A9%20Bud%C4%9Bjovice%2C%20370%2001%2C%20okres%20%C4%8Cesk%C3%A9%20Bud%C4%9Bjovice\">na map\u011b<\/a>)<\/p>\n<p><strong>email:<\/strong> dumsluzebcb@seznam.cz<\/p>\n<p><strong>tel.:<\/strong> +420 602 536 535<\/p>\n","protected":false},"excerpt":{"rendered":"<p>Kontaktn\u00ed \u00fadaje: Adresa: Senov\u00e1\u017en\u00e9 n\u00e1m\u011bst\u00ed 232\/9, 370 01, \u010cesk\u00e9 Bud\u011bjovice (na map\u011b) email: dumsluzebcb@seznam.cz tel.: +420 602 536 535<\/p>\n","protected":false},"author":1,"featured_media":0,"parent":0,"menu_order":5,"comment_status":"closed","ping_status":"closed","template":"","meta":{"footnotes":""},"class_list":["post-20","page","type-page","status-publish"],"aioseo_notices":[],"_links":{"self":[{"href":"https:\/\/www.dumsluzebcb.cz\/index.php?rest_route=\/wp\/v2\/pages\/20","targetHints":{"allow":["GET"]}}],"collection":[{"href":"https:\/\/www.dumsluzebcb.cz\/index.php?rest_route=\/wp\/v2\/pages"}],"about":[{"href":"https:\/\/www.dumsluzebcb.cz\/index.php?rest_route=\/wp\/v2\/types\/page"}],"author":[{"embeddable":true,"href":"https:\/\/www.dumsluzebcb.cz\/index.php?rest_route=\/wp\/v2\/users\/1"}],"replies":[{"embeddable":true,"href":"https:\/\/www.dumsluzebcb.cz\/index.php?rest_route=%2Fwp%2Fv2%2Fcomments&post=20"}],"version-history":[{"count":13,"href":"https:\/\/www.dumsluzebcb.cz\/index.php?rest_route=\/wp\/v2\/pages\/20\/revisions"}],"predecessor-version":[{"id":435,"href":"https:\/\/www.dumsluzebcb.cz\/index.php?rest_route=\/wp\/v2\/pages\/20\/revisions\/435"}],"wp:attachment":[{"href":"https:\/\/www.dumsluzebcb.cz\/index.php?rest_route=%2Fwp%2Fv2%2Fmedia&parent=20"}],"curies":[{"name":"wp","href":"https:\/\/api.w.org\/{rel}","templated":true}]}}