{"id":10,"date":"2015-07-21T15:30:07","date_gmt":"2015-07-21T13:30:07","guid":{"rendered":"http:\/\/www.dumsluzebcb.cz\/?page_id=10"},"modified":"2026-04-12T15:21:46","modified_gmt":"2026-04-12T13:21:46","slug":"nabidka-volnych-prostor","status":"publish","type":"page","link":"https:\/\/www.dumsluzebcb.cz\/?page_id=10","title":{"rendered":"Prostory k pron\u00e1jmu"},"content":{"rendered":"<p>Nab\u00edz\u00edme voln\u00e9 prostory k pron\u00e1jmu. V\u0161echny prostory jsou kompletn\u011b zrekonstruov\u00e1ny a opraveny. Ka\u017ed\u00e1 m\u00edstnost m\u00e1 vlastn\u00ed m\u011b\u0159en\u00ed energi\u00ed. Budova je kompletn\u011b zateplena.\u00a0 V\u0161echny m\u00edstnosti opat\u0159eny detektorem kou\u0159e. Cel\u00fd objekt (v\u010detn\u011b parkovi\u0161t\u011b) hl\u00edd\u00e1n kamerov\u00fdm syst\u00e9mem. Rozvod internetu v ka\u017ed\u00e9 m\u00edstnosti. Na p\u0159\u00e1n\u00ed mo\u017enost p\u0159ipojen\u00ed pronajat\u00e9ho prostoru na zabezpe\u010dovac\u00ed pult a hl\u00edd\u00e1n\u00ed zabezpe\u010dovac\u00ed slu\u017ebou. Ka\u017ed\u00fd prostor je mo\u017eno dovybavit klimatizac\u00ed.<\/p>\n<p><span style=\"text-decoration: underline;\">Zde je sou\u010dasn\u00e1 nab\u00eddka voln\u00fdch prostor v Dom\u011b Slu\u017eeb:<\/span><\/p>\n<ul>\n<li>aktu\u00e1ln\u011b nejsou \u017e\u00e1dn\u00e9 voln\u00e9 prostory k pron\u00e1jmu<\/li>\n<\/ul>\n<p><em><a href=\"https:\/\/www.dumsluzebcb.cz\/?page_id=76\">Parkov\u00e1n\u00ed, v\u00fdlohy<\/a><\/em><\/p>\n<hr \/>\n<p>Pro bli\u017e\u0161\u00ed informace n\u00e1s nev\u00e1hejte kontaktovat na telefonn\u00edm \u010d\u00edsle <span style=\"text-decoration: underline;\">+420 602 536 535<\/span>.<\/p>\n","protected":false},"excerpt":{"rendered":"<p>Nab\u00edz\u00edme voln\u00e9 prostory k pron\u00e1jmu. V\u0161echny prostory jsou kompletn\u011b zrekonstruov\u00e1ny a opraveny. Ka\u017ed\u00e1 m\u00edstnost m\u00e1 vlastn\u00ed m\u011b\u0159en\u00ed energi\u00ed. Budova je kompletn\u011b zateplena.\u00a0 V\u0161echny m\u00edstnosti opat\u0159eny detektorem kou\u0159e. Cel\u00fd objekt (v\u010detn\u011b parkovi\u0161t\u011b) hl\u00edd\u00e1n kamerov\u00fdm syst\u00e9mem. Rozvod internetu v ka\u017ed\u00e9 m\u00edstnosti. Na p\u0159\u00e1n\u00ed mo\u017enost p\u0159ipojen\u00ed pronajat\u00e9ho prostoru na zabezpe\u010dovac\u00ed pult a hl\u00edd\u00e1n\u00ed zabezpe\u010dovac\u00ed slu\u017ebou. Ka\u017ed\u00fd prostor je &#8230; <a title=\"Prostory k pron\u00e1jmu\" class=\"read-more\" href=\"https:\/\/www.dumsluzebcb.cz\/?page_id=10\" aria-label=\"\u010c\u00edst v\u00edce o Prostory k pron\u00e1jmu\">\u010c\u00edst d\u00e1l<\/a><\/p>\n","protected":false},"author":1,"featured_media":0,"parent":0,"menu_order":0,"comment_status":"closed","ping_status":"closed","template":"","meta":{"footnotes":""},"class_list":["post-10","page","type-page","status-publish"],"aioseo_notices":[],"_links":{"self":[{"href":"https:\/\/www.dumsluzebcb.cz\/index.php?rest_route=\/wp\/v2\/pages\/10","targetHints":{"allow":["GET"]}}],"collection":[{"href":"https:\/\/www.dumsluzebcb.cz\/index.php?rest_route=\/wp\/v2\/pages"}],"about":[{"href":"https:\/\/www.dumsluzebcb.cz\/index.php?rest_route=\/wp\/v2\/types\/page"}],"author":[{"embeddable":true,"href":"https:\/\/www.dumsluzebcb.cz\/index.php?rest_route=\/wp\/v2\/users\/1"}],"replies":[{"embeddable":true,"href":"https:\/\/www.dumsluzebcb.cz\/index.php?rest_route=%2Fwp%2Fv2%2Fcomments&post=10"}],"version-history":[{"count":45,"href":"https:\/\/www.dumsluzebcb.cz\/index.php?rest_route=\/wp\/v2\/pages\/10\/revisions"}],"predecessor-version":[{"id":469,"href":"https:\/\/www.dumsluzebcb.cz\/index.php?rest_route=\/wp\/v2\/pages\/10\/revisions\/469"}],"wp:attachment":[{"href":"https:\/\/www.dumsluzebcb.cz\/index.php?rest_route=%2Fwp%2Fv2%2Fmedia&parent=10"}],"curies":[{"name":"wp","href":"https:\/\/api.w.org\/{rel}","templated":true}]}}

Prostory k pronájmu

<p>Nabízíme volné prostory k pronájmu. Všechny prostory jsou kompletně zrekonstruovány a opraveny. Každá místnost má vlastní měření energií. Budova je kompletně zateplena.  Všechny místnosti opatřeny detektorem kouře. Celý objekt (včetně parkoviště) hlídán kamerovým systémem. Rozvod internetu v každé místnosti. Na přání možnost připojení pronajatého prostoru na zabezpečovací pult a hlídání zabezpečovací službou. Každý prostor je možno dovybavit klimatizací.</p>
<p><span style="text-decoration: underline;">Zde je současná nabídka volných prostor v Domě Služeb:</span></p>
<ul>
<li>aktuálně nejsou žádné volné prostory k pronájmu</li>
</ul>
<p><em><a href="https://www.dumsluzebcb.cz/?page_id=76">Parkování, výlohy</a></em></p>
<hr />
<p>Pro bližší informace nás neváhejte kontaktovat na telefonním čísle <span style="text-decoration: underline;">+420 602 536 535</span>.</p>

<p>Nabízíme volné prostory k pronájmu. Všechny prostory jsou kompletně zrekonstruovány a opraveny. Každá místnost má vlastní měření energií. Budova je kompletně zateplena.  Všechny místnosti opatřeny detektorem kouře. Celý objekt (včetně parkoviště) hlídán kamerovým systémem. Rozvod internetu v každé místnosti. Na přání možnost připojení pronajatého prostoru na zabezpečovací pult a hlídání zabezpečovací službou. Každý prostor je &#8230; <a title="Prostory k pronájmu" class="read-more" href="https://www.dumsluzebcb.cz/?page_id=10" aria-label="Číst více o Prostory k pronájmu">Číst dál</a></p>
